= -4*k. Is k prime?
False
Let o = -76 + 101. Suppose o*r = 20*r + 2045. Is r a prime number?
True
Suppose 0 = -m + 3, 5*j + 4*m - 52 = j. Let s = 15 - j. Suppose -4*n = -s*n + 623. Is n a prime number?
False
Let f(a) be the second derivative of -a**5/10 - 3*a**4/4 + 7*a**3/6 + 13*a**2/2 + 27*a. Let w(t) = 4*t - 1. Let s be w(-2). Is f(s) prime?
False
Suppose 0 = -3*q, 0 = -3*w + w - q + 646. Let s = w - 213. Let k = s - 28. Is k a prime number?
False
Let p be 16*(6684/(-16))/(-1). Is 1*2*p/24 composite?
False
Suppose 0 = -31*u + 450471 + 41623. Is u a prime number?
False
Suppose 5205 = v - 2*c, 10*c - 9*c - 2 = 0. Is v a composite number?
False
Let z(r) = -19*r**3 - 2*r**2 - r - 1. Suppose -15*d = -16*d - 2. Is z(d) a prime number?
False
Let f = -48 - -93. Let g = f + -34. Is g prime?
True
Let w(q) be the second derivative of 7*q**5/20 - q**4/4 + 5*q**3/6 + 5*q**2 + 3*q. Is w(5) a prime number?
False
Let c(g) = -2*g - 46. Let r be c(-25). Suppose -o = r, 2*o - 816 = -5*d + 791. Is d composite?
True
Suppose 29 = 3*s + 4*b, -2*s = 3*b - 18 - 3. Let n = 0 + s. Is n/(-6)*(0 + -178) a prime number?
True
Let z = -5593 - -15490. Is z a prime number?
False
Suppose -15*u + 91 - 1 = 0. Suppose -u*y + 3743 = 869. Is y a prime number?
True
Let h = -23 - 7. Let p be (-2)/12 - (-175)/h. Is 8/p*(-1533)/14 a prime number?
False
Let b be (3 - 5)/(-1) + -6. Let k be -1 - (-4)/b - 18. Is ((-801)/(-18))/((-2)/k) a prime number?
False
Suppose -6*x + 21 = x. Suppose 0 = o - 5*c - 2148, 5*o - x*c = 7409 + 3353. Is o prime?
True
Let z(p) = -75*p - 139. Is z(-26) a composite number?
False
Let o be (0/1)/((-8)/4). Suppose -3*x = z - 3482, 3*z + 4*x - 4864 - 5597 = o. Is z a prime number?
True
Let i(z) = -3*z**2 - z**2 - 4 + 0*z**2 - 8*z + z**3. Let a be i(6). Is (-2331)/(-15) - 8/a prime?
False
Suppose -281*j + 274*j = -63763. Is j prime?
True
Let d = -114 - -1744. Suppose -a = a - d. Is a composite?
True
Suppose 3*h + 4 + 2 = 0. Let r be -2 + (2 - -21) - h. Suppose -i + r + 24 = 0. Is i a composite number?
False
Let p(q) = 33*q + 12097. Is p(0) a prime number?
True
Suppose 48293 = -730*g + 737*g. Is g a composite number?
False
Let i(s) = 4959*s - 703. Let x(n) = 155*n - 22. Let c(y) = -3*i(y) + 95*x(y). Is c(-9) a composite number?
True
Is ((-14)/(-1 + -6))/(6/113253) a composite number?
True
Suppose -4*s - 19565 = -4*d + 371991, -d - 2*s + 97877 = 0. Is d a composite number?
True
Suppose 0 = 4*u - 4*y - 20952, 5*u - 2*u - 5*y = 15722. Is u a composite number?
True
Let f(h) = h**2 - 6*h + 2. Let i be f(5). Is 698 + -2 - i - (1 - 3) composite?
False
Let n = 3394 - 557. Is n prime?
True
Let a = 37 - 30. Suppose 4*l = a*l - 2127. Is l a composite number?
False
Let t(a) = 0*a**3 + 0*a**3 + 11*a**2 - 16 + 0*a - a**3 - 3*a. Let y = 21 - 14. Is t(y) a prime number?
False
Let v(w) = 7*w**2 + 3*w - 27. Let z(o) = -o**3 - 8*o**2 - 7*o + 10. Let j be z(-7). Is v(j) composite?
True
Is 8843 + 213 + (-2 - -1)*-1 a composite number?
True
Let a = -2592 - -9565. Suppose 0 = 14*o - a + 267. Is o prime?
True
Let v(j) = -28*j - 11. Let o(h) = 28*h + 12. Let u(i) = 4*o(i) + 3*v(i). Let r be 28/16*(-4)/(-1). Is u(r) prime?
True
Suppose 0 = -4*n - 4, p + 4*n + n + 1 = 0. Suppose -20 + p = 2*x. Is (-4045)/(-20) + (-6)/x a prime number?
False
Suppose -l = w - 2*w + 1, 0 = -w + 2*l - 4. Suppose -w*n + 2*n = 1616. Let c = -189 - n. Is c a composite number?
True
Let r be 6/(-9)*(-2 - 1). Suppose 5*c + 20 = -q, 3*c + 4*q = 3 + r. Let f(v) = -v**3 + 2*v**2 - 2*v - 2. Is f(c) a prime number?
False
Suppose 6*g - 4726 = 10880. Let r = g + -1040. Is r composite?
True
Suppose 4*f + 2*p - 54 = 10, f + p = 14. Let x = -15 + f. Suppose x - 8 = -5*t, -2*t = 3*h - 68. Is h composite?
True
Let h(w) = -2 + 13*w - 44*w + 19. Is h(-14) composite?
True
Let f = -86 + 86. Is (f + 0 + 1102)/(5 - 3) composite?
True
Let j(q) = 756*q - 241. Is j(7) a composite number?
False
Let c be (-104)/(-10) + 20/(-50). Let k(u) = -u**3 + 10*u**2 + 2. Let j be k(c). Suppose -f = -4*d + 685 + 1375, j*d - 2*f = 1030. Is d a composite number?
True
Let b(z) = -19*z**3 - 3*z**2 - z + 2. Let o be b(-3). Suppose -o = -4*y + 305. Let c = y - 72. Is c composite?
False
Let q(j) = -2*j + 6. Suppose 0 = w - 3*f + 1, w = -2*w - 3*f + 21. Let d be q(w). Is d/22 - (-6559)/77 a composite number?
True
Suppose -11098 = -9*m - 2962. Is (28/8*1)/(4/m) a composite number?
True
Let t(x) = 28*x**2 + 19*x**2 + 3*x**2 + 5 - 3*x. Is t(2) composite?
False
Let d(k) = -2*k**3 + 2*k - 1. Let v be d(1). Let l(y) = -62*y**2. Let w be l(v). Is (w/(-4)*4)/2 prime?
True
Is 35*69 - (3 + 28/(-4)) a composite number?
True
Suppose -79457 = 30*k - 37*k. Is k a composite number?
False
Let u be -4*(2 - 0)/(-2). Let n = u - 2. Suppose n*y - 1245 = c, -3117 = -5*y - 2*c - 0*c. Is y a prime number?
False
Let m = -3344 + 11325. Is m a composite number?
True
Let q be (-3)/(15/20*-2). Is (q - 0) + 5 + 1 + 285 a composite number?
False
Let g = -7 - -7. Suppose -3*v = g, 0 = -4*l - 5*v + 2752 + 1220. Is l a prime number?
False
Let i be (-51 - -49)*12/(2*1). Is (-1669)/(-3) + (-8)/i prime?
True
Let v(z) be the first derivative of 2*z**3/3 + 9*z - 46. Let y(m) = -m - 1. Let l be y(4). Is v(l) composite?
False
Let o(g) = g**3 - 5*g**2 + 3*g - 2. Let z = 21 - 18. Let h be o(z). Let i = h - -14. Is i a prime number?
True
Suppose 2*x = x. Suppose 11*j - 6*j - 5155 = x. Is j a prime number?
True
Let k be (0 - 3)/((30/(-8))/5). Let t(c) be the second derivative of 3*c**4/4 + 2*c**3/3 - 5*c**2/2 - c. Is t(k) a composite number?
True
Suppose -829 - 923 = -12*m. Is m composite?
True
Is (45514/4)/((-5)/(-10)) a composite number?
True
Suppose -209 = -3*s - 38. Let p = 38 + s. Suppose 362 = 2*h + 4*c, -p = -h + 2*c + 94. Is h composite?
True
Let p(s) = 613*s + 242. Is p(17) composite?
False
Let l be 0*(4 + 45/(-10)). Suppose 4*i - 238 - 486 = l. Is i a prime number?
True
Is (1611276/108)/19 + (-2)/9 a prime number?
False
Let v = 182173 + 40072. Is v a composite number?
True
Let c = -1 - -3. Suppose 5*i - 2*f - 11 = 4, -3*i + c*f + 9 = 0. Is i/(4*2/40) a prime number?
False
Suppose 194602 = 2*s + 4*h, -9*h - 12 = -5*h. Is s a composite number?
True
Suppose 1391 = -5*v - 2*h, -373 = 2*v - 4*h + 169. Let b = 408 + v. Is b a composite number?
False
Let o(g) = 9*g**2 + 4*g + 31. Is o(-4) a composite number?
True
Suppose 122 + 213 = 3*d - 2*o, 590 = 5*d + 3*o. Is d composite?
True
Let s = 9 + -4. Suppose 3*k + 2*k - 4*h = 651, 4*k = s*h + 528. Is k a composite number?
False
Suppose 0 = -9*y - 13*y + 78188. Is y prime?
False
Let p(n) = -80*n**3 - n**2 + 2*n + 7. Let u be p(-3). Suppose -2*b = -b + 3*t - u, 2*b - 2*t - 4296 = 0. Is b a prime number?
False
Suppose 0 = -5*n + 2*y + 5476, n - 1079 = y - 6*y. Is n a prime number?
False
Let r(v) = -591*v - 20. Is r(-1) composite?
False
Is -9 + -2 + 42872 - (1 - -1) a composite number?
False
Let b(j) = -252*j + 11. Is b(-45) a composite number?
False
Suppose 3*o = 415*n - 412*n + 14814, 2*o + n - 9879 = 0. Is o prime?
False
Let a be (77 + 4)/(3/12). Suppose 5*w - 61 - a = 0. Suppose 5 = -5*y, 0*g + g - w = 3*y. Is g a prime number?
False
Let v be 3598/6 - (1 - (-8)/(-6)). Suppose n = 557 + v. Is n composite?
True
Suppose o - 37 = -0*u - 2*u, 0 = 5*u + o - 88. Suppose -16 = -4*d, 3*s + d - u = -d. Is s/9*(470 - -1) prime?
True
Let k = 116 + 22. Suppose 3*p = m - k, p + 36 = -m - 2*m. Let u = p + 78. Is u composite?
True
Let z(l) = 3*l**2 - 4*l + 13. Let b be -1*1/3*51. Let i = 23 + b. Is z(i) prime?
True
Suppose -4*m = -4*z + 77 + 759, 4*z = -m - 189. Let j = m - -1766. Is j composite?
True
Suppose -4*j - 11 = 5. Let f be -3 + (-4)/(j - 0). Is (-1 - 0)*(-129 + f) a composite number?
False
Let k = 16193 + 65088. Is k prime?
True
Suppose 0 = -2*p - 2*l + 20, 3*p = -0*p + 3*l. Suppose 0 = 6*g - p*g - 418. Suppose f = -f + g. Is f composite?
True
Suppose 0 = -51*o + 49*o + 70. Is (-21)/o - (-10768)/5 prime?
True
Let a(b) be the first derivative of 117*b**2/2 + 5*b + 11. Let p be a(4). Suppose -3*z + p = 2*f, 3*f + 493 + 289 = 5*z. Is z prime?
True
Suppose -3*c + 636 = -4*o, 4*c - 573 = o + 262. Suppose 4*x + 3*k = -69 + 511, -2*x + 5*k = -c. Is x prime?
True
Is (-3)/(-4*(-27)/(-622476)) prime?
True
Let m(s) = -23*s**2 + 9*s + 16. Let f(r) = -22*r**2 + 10*r 